{"id":117,"date":"2017-07-21T08:07:45","date_gmt":"2017-07-21T08:07:45","guid":{"rendered":"http:\/\/rsb.hr\/nova\/about-us\/"},"modified":"2026-02-20T07:29:07","modified_gmt":"2026-02-20T07:29:07","slug":"o-nama","status":"publish","type":"page","link":"https:\/\/rsb.hr\/nova\/o-nama\/","title":{"rendered":"O nama"},"content":{"rendered":"<div class=\"section vc_custom_1510300252008\">\n                    <div class=\"section-background\" data-section-bg-title=\"\">\n            <div class=\"section-bg-image section-bg-image-size-100 section-bg-image-size-md-100 section-bg-image-size-lg-100 section-bg-image-position-bottom verso-opacity-10\" style=\"background-image: url('https:\/\/rsb.hr\/nova\/wp-content\/uploads\/2017\/07\/blue-bg-bottom-2.png');\"><\/div>\n        <\/div>\n        <div class=\"section-content\">\n        <div class=\"container\">\n            <div class=\"row\">\n    <div class=\"col-lg-5 align-self-center verso-text-light\">\n    [vc_custom_heading text=&#8221;Tko&#8221; font_container=&#8221;tag:h1|text_align:left&#8221; use_theme_fonts=&#8221;yes&#8221; css_animation=&#8221;fadeIn&#8221;][vc_column_text css_animation=&#8221;fadeIn&#8221; el_class=&#8221;lead&#8221;]Mi smo ovla\u0161teni Xerox servisni partner i danas zapo\u0161ljavamo 7 djelatnika koji su prava vrijednost na\u0161e tvrtke. Bez kvalitetnih i educiranih djelatnika danas je nemogu\u0107e pru\u017eati podr\u0161ku\u00a0 na najvi\u0161em nivou.[\/vc_column_text]<\/div>\n<div class=\"col-lg-7 verso-text-normal\">\n    <div class=\"card card-horizontal verso-transition vc_custom_1501051576470 wpb_animate_when_almost_visible wpb_slideInUp slideInUp verso-shadow-15 verso-shadow-hover-20   \">\n    \n<div class=\"verso-timeline   \">\n                                    <div class=\"verso-timeline-item\">\n            <h3 class=\"verso-timeline-item-title verso-mb-1\">Kako <small class=\" verso-opacity-5\">- <\/small><\/h3>\n            <p class=\"verso-timeline-item-description\">\n                Statusom Business partnera, kao i ovla\u0161teni Xerox servis partner,  na\u0161em prodajnom i servisnom osoblju omogu\u0107en je pristup nizu dodatnih resursa iz Xerox baze \u0161to nam uvelike olak\u0161ava pronalazak idealnih rje\u0161enja za sve probleme na\u0161ih korisnika.  Obzirom da tim statusom Xerox potvr\u0111uje da je na\u0161a usluga na razini koju  propisuje za sve partnere u svijetu, mo\u017eemo odgovoriti u najkra\u0107em roku na sve zahtjeve na\u0161ih korisnika ma kako kompleksni oni bili.            <\/p>\n        <\/div>\n                                    <div class=\"verso-timeline-item\">\n            <h3 class=\"verso-timeline-item-title verso-mb-1\">Gdje <small class=\" verso-opacity-5\">- <\/small><\/h3>\n            <p class=\"verso-timeline-item-description\">\n                Vlastitim resursima ili kroz mre\u017eu partnerskih tvrtki u mogu\u0107nosti smo pru\u017eiti jednako kvalitetnu podr\u0161ku na cijelom teritoriju Republike Hrvatske            <\/p>\n        <\/div>\n                                    <div class=\"verso-timeline-item\">\n            <h3 class=\"verso-timeline-item-title verso-mb-1\">Za\u0161to <small class=\" verso-opacity-5\">- <\/small><\/h3>\n            <p class=\"verso-timeline-item-description\">\n                U vrijeme novih izazova i mogu\u0107nosti, mi smo se usko specijalizirali za implementaciju Xerox ispisnih sustava kako bismo svojim korisnicima predlo\u017eili idealno rje\u0161enje koje \u0107e u potpunosti ispuniti njihova o\u010dekivanja. Aktivna suradnja s korisnicima, izvrsnost u rije\u0161avanju i najkompleksnijih problema, fleksibilnost u radu te individualni pristup svakom klijentu jamstvo su kvalitete, pouzdanosti i uspjeha.            <\/p>\n        <\/div>\n    <\/div>\n<\/div>\n<\/div>\n<\/div>\n        <\/div>\n    <\/div>\n<\/div>\n<div class=\"section vc_custom_1510300923425\">\n                    <div class=\"section-background\" data-section-bg-title=\"\">\n            <div class=\"section-bg-image section-bg-image-size-100 section-bg-image-size-md-100 section-bg-image-size-lg-100 section-bg-image-position-bottom verso-opacity-10\" style=\"background-image: url('https:\/\/rsb.hr\/nova\/wp-content\/uploads\/2017\/07\/footer-bg1.png');\"><\/div>\n        <\/div>\n        <div class=\"section-content\">\n        <div class=\"container\">\n            <div class=\"row\">\n    <div class=\"col-lg-12 verso-text-normal\">\n    [vc_custom_heading text=&#8221;Na\u0161 tim&#8221; font_container=&#8221;tag:h2|text_align:center&#8221; use_theme_fonts=&#8221;yes&#8221; css_animation=&#8221;fadeIn&#8221; css=&#8221;.vc_custom_1510298480105{margin-bottom: 60px !important;}&#8221;]<\/div>\n<\/div>\n<div class=\"row\">\n    <div class=\"col-lg-4 col-md-6 col-sm-6 verso-text-normal\">\n    <div class=\"card verso-transition vc_custom_1510298661570 wpb_animate_when_almost_visible wpb_fadeIn fadeIn verso-shadow-12 verso-shadow-hover-16   text-center\">\n            <div class=\"card-img-container\">\n            <img width=\"512\" height=\"512\" src=\"https:\/\/rsb.hr\/nova\/wp-content\/uploads\/2017\/07\/male-team.png\" class=\"card-img\" alt=\"\" decoding=\"async\" loading=\"lazy\" srcset=\"https:\/\/rsb.hr\/nova\/wp-content\/uploads\/2017\/07\/male-team.png 512w, https:\/\/rsb.hr\/nova\/wp-content\/uploads\/2017\/07\/male-team-300x300.png 300w, https:\/\/rsb.hr\/nova\/wp-content\/uploads\/2017\/07\/male-team-100x100.png 100w, https:\/\/rsb.hr\/nova\/wp-content\/uploads\/2017\/07\/male-team-150x150.png 150w, https:\/\/rsb.hr\/nova\/wp-content\/uploads\/2017\/07\/male-team-180x180.png 180w\" sizes=\"(max-width: 512px) 100vw, 512px\" \/>        <\/div>\n                <div class=\"card-body\">\n            [vc_custom_heading text=&#8221;Nikola Rebi\u0107&#8221; font_container=&#8221;tag:h3|text_align:center&#8221; use_theme_fonts=&#8221;yes&#8221; css=&#8221;.vc_custom_1510298517793{margin-bottom: 12px !important;}&#8221;][vc_custom_heading text=&#8221;Financije i ra\u010dunovodstvo&#8221; font_container=&#8221;tag:h3|text_align:center&#8221; use_theme_fonts=&#8221;yes&#8221; el_class=&#8221;color-green&#8221; css=&#8221;.vc_custom_1510298541266{margin-bottom: 0px !important;}&#8221;]        <\/div>\n    <\/div>\n<\/div>\n<div class=\"col-lg-4 col-md-6 col-sm-6 verso-text-normal\">\n    <div class=\"card verso-transition vc_custom_1510298997174 wpb_animate_when_almost_visible wpb_fadeIn fadeIn verso-shadow-12 verso-shadow-hover-16   text-center\">\n            <div class=\"card-img-container\">\n            <img width=\"512\" height=\"512\" src=\"https:\/\/rsb.hr\/nova\/wp-content\/uploads\/2017\/07\/male-team.png\" class=\"card-img\" alt=\"\" decoding=\"async\" loading=\"lazy\" srcset=\"https:\/\/rsb.hr\/nova\/wp-content\/uploads\/2017\/07\/male-team.png 512w, https:\/\/rsb.hr\/nova\/wp-content\/uploads\/2017\/07\/male-team-300x300.png 300w, https:\/\/rsb.hr\/nova\/wp-content\/uploads\/2017\/07\/male-team-100x100.png 100w, https:\/\/rsb.hr\/nova\/wp-content\/uploads\/2017\/07\/male-team-150x150.png 150w, https:\/\/rsb.hr\/nova\/wp-content\/uploads\/2017\/07\/male-team-180x180.png 180w\" sizes=\"(max-width: 512px) 100vw, 512px\" \/>        <\/div>\n                <div class=\"card-body\">\n            [vc_custom_heading text=&#8221;Josip Gavran&#8221; font_container=&#8221;tag:h3|text_align:center&#8221; use_theme_fonts=&#8221;yes&#8221; css=&#8221;.vc_custom_1771572531864{margin-bottom: 12px !important;}&#8221;][vc_custom_heading text=&#8221;Servisni odjel &#8211; specijalist za OPB, OSG, XES, PSG&#8221; font_container=&#8221;tag:h3|text_align:center&#8221; use_theme_fonts=&#8221;yes&#8221; el_class=&#8221;color-green&#8221; css=&#8221;.vc_custom_1510298937374{margin-bottom: 0px !important;}&#8221;]        <\/div>\n    <\/div>\n<\/div>\n<div class=\"col-lg-4 col-md-6 col-sm-6 verso-text-normal\">\n    <div class=\"card verso-transition vc_custom_1510298997174 wpb_animate_when_almost_visible wpb_fadeIn fadeIn verso-shadow-12 verso-shadow-hover-16   text-center\">\n            <div class=\"card-img-container\">\n            <img width=\"512\" height=\"512\" src=\"https:\/\/rsb.hr\/nova\/wp-content\/uploads\/2017\/07\/male-team.png\" class=\"card-img\" alt=\"\" decoding=\"async\" loading=\"lazy\" srcset=\"https:\/\/rsb.hr\/nova\/wp-content\/uploads\/2017\/07\/male-team.png 512w, https:\/\/rsb.hr\/nova\/wp-content\/uploads\/2017\/07\/male-team-300x300.png 300w, https:\/\/rsb.hr\/nova\/wp-content\/uploads\/2017\/07\/male-team-100x100.png 100w, https:\/\/rsb.hr\/nova\/wp-content\/uploads\/2017\/07\/male-team-150x150.png 150w, https:\/\/rsb.hr\/nova\/wp-content\/uploads\/2017\/07\/male-team-180x180.png 180w\" sizes=\"(max-width: 512px) 100vw, 512px\" \/>        <\/div>\n                <div class=\"card-body\">\n            [vc_custom_heading text=&#8221;Josip Vladisavljevi\u0107&#8221; font_container=&#8221;tag:h3|text_align:center&#8221; use_theme_fonts=&#8221;yes&#8221; css=&#8221;.vc_custom_1686644256424{margin-bottom: 12px !important;}&#8221;][vc_custom_heading text=&#8221;Servisni odjel &#8211; specijalist za OPB, OSG, XES, PSG&#8221; font_container=&#8221;tag:h3|text_align:center&#8221; use_theme_fonts=&#8221;yes&#8221; el_class=&#8221;color-green&#8221; css=&#8221;.vc_custom_1510298937374{margin-bottom: 0px !important;}&#8221;]        <\/div>\n    <\/div>\n<\/div>\n<div class=\"col-lg-4 col-md-6 col-sm-6 verso-text-normal\">\n    <div class=\"card verso-transition vc_custom_1510299117231 wpb_animate_when_almost_visible wpb_fadeIn fadeIn verso-shadow-12 verso-shadow-hover-16   text-center\">\n            <div class=\"card-img-container\">\n            <img width=\"512\" height=\"512\" src=\"https:\/\/rsb.hr\/nova\/wp-content\/uploads\/2017\/07\/male-team.png\" class=\"card-img\" alt=\"\" decoding=\"async\" loading=\"lazy\" srcset=\"https:\/\/rsb.hr\/nova\/wp-content\/uploads\/2017\/07\/male-team.png 512w, https:\/\/rsb.hr\/nova\/wp-content\/uploads\/2017\/07\/male-team-300x300.png 300w, https:\/\/rsb.hr\/nova\/wp-content\/uploads\/2017\/07\/male-team-100x100.png 100w, https:\/\/rsb.hr\/nova\/wp-content\/uploads\/2017\/07\/male-team-150x150.png 150w, https:\/\/rsb.hr\/nova\/wp-content\/uploads\/2017\/07\/male-team-180x180.png 180w\" sizes=\"(max-width: 512px) 100vw, 512px\" \/>        <\/div>\n                <div class=\"card-body\">\n            [vc_custom_heading text=&#8221;\u017dilijen Rado\u0161evi\u0107&#8221; font_container=&#8221;tag:h3|text_align:center&#8221; use_theme_fonts=&#8221;yes&#8221; css=&#8221;.vc_custom_1510299077323{margin-bottom: 12px !important;}&#8221;][vc_custom_heading text=&#8221;Prodaja &#8211; voditelj prodaje&#8221; font_container=&#8221;tag:h3|text_align:center&#8221; use_theme_fonts=&#8221;yes&#8221; el_class=&#8221;color-green&#8221; css=&#8221;.vc_custom_1510299104643{margin-bottom: 0px !important;}&#8221;]        <\/div>\n    <\/div>\n<\/div>\n<div class=\"col-lg-4 col-md-6 col-sm-6 verso-text-normal\">\n    <div class=\"card verso-transition vc_custom_1510299117231 wpb_animate_when_almost_visible wpb_fadeIn fadeIn verso-shadow-12 verso-shadow-hover-16   text-center\">\n            <div class=\"card-img-container\">\n            <img width=\"512\" height=\"512\" src=\"https:\/\/rsb.hr\/nova\/wp-content\/uploads\/2017\/07\/male-team.png\" class=\"card-img\" alt=\"\" decoding=\"async\" loading=\"lazy\" srcset=\"https:\/\/rsb.hr\/nova\/wp-content\/uploads\/2017\/07\/male-team.png 512w, https:\/\/rsb.hr\/nova\/wp-content\/uploads\/2017\/07\/male-team-300x300.png 300w, https:\/\/rsb.hr\/nova\/wp-content\/uploads\/2017\/07\/male-team-100x100.png 100w, https:\/\/rsb.hr\/nova\/wp-content\/uploads\/2017\/07\/male-team-150x150.png 150w, https:\/\/rsb.hr\/nova\/wp-content\/uploads\/2017\/07\/male-team-180x180.png 180w\" sizes=\"(max-width: 512px) 100vw, 512px\" \/>        <\/div>\n                <div class=\"card-body\">\n            [vc_custom_heading text=&#8221;Ivor Kapetanovi\u0107&#8221; font_container=&#8221;tag:h3|text_align:center&#8221; use_theme_fonts=&#8221;yes&#8221; css=&#8221;.vc_custom_1510299153283{margin-bottom: 12px !important;}&#8221;][vc_custom_heading text=&#8221;Prodaja &#8211; voditelj prodaje uredskih sistema&#8221; font_container=&#8221;tag:h3|text_align:center&#8221; use_theme_fonts=&#8221;yes&#8221; el_class=&#8221;color-green&#8221; css=&#8221;.vc_custom_1510299142154{margin-bottom: 0px !important;}&#8221;]        <\/div>\n    <\/div>\n<\/div>\n<div class=\"col-lg-4 col-md-6 col-sm-6 verso-text-normal\">\n    <div class=\"card verso-transition vc_custom_1510299251989 wpb_animate_when_almost_visible wpb_fadeIn fadeIn verso-shadow-12 verso-shadow-hover-16   text-center\">\n            <div class=\"card-img-container\">\n            <img width=\"512\" height=\"512\" src=\"https:\/\/rsb.hr\/nova\/wp-content\/uploads\/2017\/07\/male-team.png\" class=\"card-img\" alt=\"\" decoding=\"async\" loading=\"lazy\" srcset=\"https:\/\/rsb.hr\/nova\/wp-content\/uploads\/2017\/07\/male-team.png 512w, https:\/\/rsb.hr\/nova\/wp-content\/uploads\/2017\/07\/male-team-300x300.png 300w, https:\/\/rsb.hr\/nova\/wp-content\/uploads\/2017\/07\/male-team-100x100.png 100w, https:\/\/rsb.hr\/nova\/wp-content\/uploads\/2017\/07\/male-team-150x150.png 150w, https:\/\/rsb.hr\/nova\/wp-content\/uploads\/2017\/07\/male-team-180x180.png 180w\" sizes=\"(max-width: 512px) 100vw, 512px\" \/>        <\/div>\n                <div class=\"card-body\">\n            [vc_custom_heading text=&#8221;Zoran Mara\u010di\u0107, direktor&#8221; font_container=&#8221;tag:h3|text_align:center&#8221; use_theme_fonts=&#8221;yes&#8221; css=&#8221;.vc_custom_1510299226800{margin-bottom: 12px !important;}&#8221;][vc_custom_heading text=&#8221;Uprava &#8211; prodaja i kontakt sa dobavlja\u010dima&#8221; font_container=&#8221;tag:h3|text_align:center&#8221; use_theme_fonts=&#8221;yes&#8221; el_class=&#8221;color-green&#8221; css=&#8221;.vc_custom_1510299202373{margin-bottom: 0px !important;}&#8221;]        <\/div>\n    <\/div>\n<\/div>\n<div class=\"col-lg-4 verso-text-normal\">\n    <\/div>\n<div class=\"col-lg-4 verso-text-normal\">\n    <div class=\"card verso-transition vc_custom_1510299251989 wpb_animate_when_almost_visible wpb_fadeIn fadeIn verso-shadow-12 verso-shadow-hover-16   text-center\">\n            <div class=\"card-img-container\">\n            <img width=\"512\" height=\"512\" src=\"https:\/\/rsb.hr\/nova\/wp-content\/uploads\/2017\/07\/male-team.png\" class=\"card-img\" alt=\"\" decoding=\"async\" loading=\"lazy\" srcset=\"https:\/\/rsb.hr\/nova\/wp-content\/uploads\/2017\/07\/male-team.png 512w, https:\/\/rsb.hr\/nova\/wp-content\/uploads\/2017\/07\/male-team-300x300.png 300w, https:\/\/rsb.hr\/nova\/wp-content\/uploads\/2017\/07\/male-team-100x100.png 100w, https:\/\/rsb.hr\/nova\/wp-content\/uploads\/2017\/07\/male-team-150x150.png 150w, https:\/\/rsb.hr\/nova\/wp-content\/uploads\/2017\/07\/male-team-180x180.png 180w\" sizes=\"(max-width: 512px) 100vw, 512px\" \/>        <\/div>\n                <div class=\"card-body\">\n            [vc_custom_heading text=&#8221;Dubravko Mrk\u0161a, direktor&#8221; font_container=&#8221;tag:h3|text_align:center&#8221; use_theme_fonts=&#8221;yes&#8221; css=&#8221;.vc_custom_1510299348636{margin-bottom: 12px !important;}&#8221;][vc_custom_heading text=&#8221;Uprava &#8211; servis i tehni\u010dka podr\u0161ka&#8221; font_container=&#8221;tag:h3|text_align:center&#8221; use_theme_fonts=&#8221;yes&#8221; el_class=&#8221;color-green&#8221; css=&#8221;.vc_custom_1510299368384{margin-bottom: 0px !important;}&#8221;]        <\/div>\n    <\/div>\n<\/div>\n<div class=\"col-lg-4 verso-text-normal\">\n    <\/div>\n<\/div>\n        <\/div>\n    <\/div>\n<\/div>\n<div class=\"section vc_custom_1510300890470\">\n        <div class=\"section-content\">\n        <div class=\"container\">\n            <div class=\"row\">\n    <div class=\"col-lg-12 verso-text-normal\">\n    <div class=\"card card-horizontal verso-transition  wpb_animate_when_almost_visible wpb_slideInUp slideInUp verso-shadow-15 verso-shadow-hover-20   \">\n    <div class=\"carousel slide captions-fullwidth verso-shadow- verso-shadow-hover- vc_custom_1501051949654\" data-ride=\"carousel\" id=\"carousel_6a0465d92712d\">\n            <ol class=\"carousel-indicators\">\n                            <li data-target=\"#carousel_6a0465d92712d\" data-slide-to=\"0\" class=\"active\"><\/li>\n                            <li data-target=\"#carousel_6a0465d92712d\" data-slide-to=\"1\" ><\/li>\n                            <li data-target=\"#carousel_6a0465d92712d\" data-slide-to=\"2\" ><\/li>\n                    <\/ol>\n        <div class=\"carousel-inner\" role=\"listbox\">\n                    <div class=\"carousel-item active\">\n                \n<blockquote class=\"blockquote text-center  \">\n    <p>Dugogodi\u0161nja vrhunska suradnja kao \u0161to je i kvaliteta ispisa. <\/p>\n            <footer class=\"blockquote-footer\">\n            Marin Topi\u0107                            <cite title=\"Foto Art d.o.o.\">Foto Art d.o.o.<\/cite>\n                    <\/footer>\n    <\/blockquote>\n            <\/div>\n                    <div class=\"carousel-item \">\n                \n<blockquote class=\"blockquote text-center  \">\n    <p>&#8220;Lorem ipsum dolor sit amet, consectetur adipiscing elit, sed do eiusmod tempor incididunt ut labore et dolore magna aliqua. Ut enim ad minim veniam, quis nostrud exercitation ullamco laboris nisi ut aliquip ex ea commodo consequat. <\/p>\n            <footer class=\"blockquote-footer\">\n            \u0160POLJAR TRANSPORT d.o.o.                    <\/footer>\n    <\/blockquote>\n            <\/div>\n                    <div class=\"carousel-item \">\n                \n<blockquote class=\"blockquote text-center  \">\n    <p>&#8220;Lorem ipsum dolor sit amet, consectetur adipiscing elit, sed do eiusmod tempor incididunt ut labore et dolore magna aliqua. Ut enim ad minim veniam, quis nostrud exercitation ullamco laboris nisi ut aliquip ex ea commodo consequat. <\/p>\n            <footer class=\"blockquote-footer\">\n            \u010cAROBNI TIM d.o.o.                    <\/footer>\n    <\/blockquote>\n            <\/div>\n            <\/div>\n    <\/div>\n<\/div>\n<\/div>\n<\/div>\n        <\/div>\n    <\/div>\n<\/div>\n","protected":false},"excerpt":{"rendered":"[vc_custom_heading text=\"Tko\" font_container=\"tag:h1|text_align:left\" use_theme_fonts=\"yes\" css_animation=\"fadeIn\"][vc_column_text css_animation=\"fadeIn\" el_class=\"lead\"]Mi smo ovla\u0161teni Xerox servisni partner i danas zapo\u0161ljavamo 7 djelatnika koji su prava vrijednost na\u0161e tvrtke. Bez kvalitetnih i educiranih djelatnika danas je [...]","protected":false},"author":1,"featured_media":0,"parent":0,"menu_order":0,"comment_status":"closed","ping_status":"closed","template":"","meta":[],"_links":{"self":[{"href":"https:\/\/rsb.hr\/nova\/wp-json\/wp\/v2\/pages\/117"}],"collection":[{"href":"https:\/\/rsb.hr\/nova\/wp-json\/wp\/v2\/pages"}],"about":[{"href":"https:\/\/rsb.hr\/nova\/wp-json\/wp\/v2\/types\/page"}],"author":[{"embeddable":true,"href":"https:\/\/rsb.hr\/nova\/wp-json\/wp\/v2\/users\/1"}],"replies":[{"embeddable":true,"href":"https:\/\/rsb.hr\/nova\/wp-json\/wp\/v2\/comments?post=117"}],"version-history":[{"count":11,"href":"https:\/\/rsb.hr\/nova\/wp-json\/wp\/v2\/pages\/117\/revisions"}],"predecessor-version":[{"id":633,"href":"https:\/\/rsb.hr\/nova\/wp-json\/wp\/v2\/pages\/117\/revisions\/633"}],"wp:attachment":[{"href":"https:\/\/rsb.hr\/nova\/wp-json\/wp\/v2\/media?parent=117"}],"curies":[{"name":"wp","href":"https:\/\/api.w.org\/{rel}","templated":true}]}}